10*o + 41618 = 4*d, 12 = 4*o. Calculate the highest common factor of d and 101.
101
Let j be 122/1281 + (-38)/(-42). Let c be (j*-2 - 0)/(14/(-1232)). What is the highest common factor of 22 and c?
22
Let m(v) = 9*v**3 - 3*v**2 - 1. Let g be m(4). Let n = -5036 - -5053. Calculate the greatest common factor of g and n.
17
Suppose 256548 = 21*d + 256044. Let y(m) = 6*m + 3. Let h be y(6). What is the greatest common divisor of h and d?
3
Suppose -2*q = d + 467, -4 - 1 = -5*d. Let f = -13 - q. What is the greatest common divisor of 17 and f?
17
Let v(d) = 13*d**2 - 61*d - 62. Let f be v(-1). What is the highest common factor of f and 5988?
12
Let q(m) = 15*m**3 - 2*m + 1. Let i be q(1). Suppose -16*g + i*g = 2*n - 48, -g - 3*n + 24 = 0. What is the greatest common divisor of g and 144?
24
Let h be 4/(-3)*90/(-40). Suppose m + 3*f - 8 = 5*f, -3*m + h*f = -39. What is the greatest common factor of 24 and m?
6
Suppose 74*k = -48 + 85 + 259. What is the greatest common divisor of 666 and k?
2
Suppose 185 + 1151 = -4*d. Let x = d + 529. Calculate the highest common divisor of x and 78.
39
Let r be (-3369)/(-27) + (418/99 - 4). Calculate the greatest common divisor of 445 and r.
5
Let w(i) = i**2 + 8*i + 6. Let n be w(-9). Let p be 1*5 - -12*(-50)/(-30). Let f be (0 + (-330)/p)/((-8)/100). Calculate the greatest common divisor of f and n.
15
Let k(p) = 9*p + 58. Let t(r) = -4*r - 29. Suppose -9*b = -6*b + 6. Let i(w) = b*k(w) - 5*t(w). Let u be i(10). Calculate the highest common factor of 7 and u.
7
Suppose -3*f + 2246 = 4*n, 2*n - 5*f + 1130 = 4*n. Let j be (7/140*16)/(2/n). Calculate the greatest common factor of j and 7.
7
Let i = 15046 + -14371. Calculate the highest common factor of i and 1725.
75
Suppose 0 = -5*u + 48*u - 16812 + 5718. What is the greatest common factor of 2193 and u?
129
Let p be 6/15 + 115/25. Suppose w - 8 = i, -2*w + 45 = -p*i + 14. Suppose 6 + 9 = 5*a. What is the highest common factor of w and a?
3
Suppose 4*v - 347 = 2*l + 683, 0 = v + 2*l - 270. Calculate the highest common divisor of 28 and v.
4
Let g = -612 + 721. Suppose -5*j = -2*p - 87 + g, -5*p = -j - 78. What is the highest common factor of p and 128?
16
Suppose 2*m = -3*n + 145, 0*n - 10 = -2*n. Let h = -1606 - -1619. Calculate the greatest common divisor of m and h.
13
Let i = 287 + -284. Suppose -467 = -i*o + 223. What is the highest common factor of 10 and o?
10
Let r(c) = 4*c**2 - 2*c - 19. Let i be r(4). Suppose -41*v = -i*v - 1380. Calculate the highest common factor of 69 and v.
69
Suppose -30*v + 31*v - 489 = 0. Suppose 0 = -w - i + 290, 2*w - v - 97 = -5*i. What is the highest common factor of 32 and w?
32
Let m be (-7802)/(-8) + (-9)/36. Let b(y) = y**3 - y**2 + 15*y - 33. Let a be b(4). Calculate the greatest common divisor of m and a.
75
Let o be -2 + -1 + (35 + -9 - 0). What is the greatest common divisor of o and 736?
23
Let k be 102*(-18)/(-36)*3. Calculate the greatest common factor of 272 and k.
17
Let w(l) = -4*l - 5 - 5*l - l**3 - 7*l**2 + 4. Let v be w(-6). Let d be (426/60 + -7)*5/(-2)*-68. What is the highest common factor of d and v?
17
Let x(g) = -39*g - 467. Let q be x(-12). Let m be ((-4)/q - -7)*19 + -5. Let l be 2/(-8) - (-106)/8. What is the highest common factor of m and l?
13
Let k be 4 + -1 + 9 - (-3 + 12). What is the highest common divisor of k and 339?
3
Let h(q) = q**3 + 11*q**2 + 17*q + 94. Let p be h(-10). Let v = -13 + 25. Let s be ((-26)/(-4))/(v/p). Calculate the greatest common divisor of 143 and s.
13
Suppose -27 + 83 = -2*f. Let a = f - -23. Let n = 26 + a. What is the highest common divisor of 28 and n?
7
Suppose d = 5*g + 19, 4*g = -2*d + 5*d - 35. Suppose -x + 4 = -0*x. Let c be (2/x)/(3/36). Calculate the greatest common divisor of d and c.
3
Let m = 18931 - 15757. Calculate the greatest common divisor of m and 18.
6
Suppose 4*d + 20 = 0, -39*a + 3210 = -37*a + 2*d. Calculate the highest common factor of 630 and a.
70
Suppose -5*m - 404 = -79. Let f = m - -125. Suppose b = 5*n - f, -n - 2*b = -2*n + 3. What is the greatest common divisor of 13 and n?
13
Suppose -5*n = 1970 + 2920. Let z be -4 + n/(-42) - (-6)/(-21). Calculate the highest common divisor of z and 57.
19
Let w(b) = b**3 - 6*b**2 - 4*b - 20. Let v be w(7). Let u be v*2/(-2) + (-16)/(-2). What is the highest common factor of u and 63?
7
Let z = -120 - -205. Let l = z + -82. Suppose 2*b + 4*q - 158 = 0, -l*b - 2*q + 240 = q. Calculate the greatest common factor of b and 9.
9
Suppose 0 = 4*u + 4*j, -3*j - 28 = -2*u - 3. Let a(t) = 11*t - 6. Let i be a(6). Let b = i + -50. Calculate the highest common factor of u and b.
5
Suppose -5*g - 879 = -2*d, 2*g + 0*g = 4*d - 1734. Calculate the highest common factor of 1674 and d.
54
Suppose -5*y - 3*o = 2597, -4*y + o - 1059 - 1022 = 0. Let k = -518 - y. Let g be 6/(-9) - (-8)/3. Calculate the greatest common divisor of g and k.
2
Let a be ((-111)/4)/((-6)/136). Calculate the greatest common divisor of 111 and a.
37
Let x(b) = -b**2 + 14*b + 50. Let o be x(9). Calculate the highest common factor of o and 10.
5
Let h be (72/20)/((-1)/(-40)). Let v(t) = -t**3 - 70*t**2 - 133*t + 220. Let z be v(-68). What is the highest common divisor of h and z?
16
Suppose -2*n + z + 36 + 697 = 0, 5*z = 2*n - 737. Let y = -290 + n. What is the highest common divisor of y and 19?
19
Suppose 8*j - 11*j = -5*h - 7, -5*h = -2*j + 3. Let k = 14 + -3. What is the highest common divisor of h and k?
1
Let c = 25 + -23. Let a = 3 - c. Suppose -v - 27 = -5*r, -2*r + 5*v = -a + 4. What is the greatest common divisor of 24 and r?
6
Let k = 15127 - 10551. What is the greatest common factor of k and 64?
32
Suppose 780 = 3*f - 4*l, -f = -4*l - 202 - 74. What is the greatest common divisor of 196 and f?
28
Let m(h) = -3*h - 2. Let s(b) = b. Let n(c) = m(c) + 2*s(c). Let a be n(-6). Suppose a*y = -32 + 196. Calculate the highest common divisor of 451 and y.
41
Suppose -3*g + 2*g + 5*b = -290, 2*g = -2*b + 592. Let f = 360 - g. Let u = 22 + -9. Calculate the highest common factor of u and f.
13
Let t(a) = 7*a**2 + 33*a + 76. Let y be t(-4). What is the greatest common factor of y and 2044?
28
Let z(i) = -7*i**2 + 279*i - 81. Let u be z(36). What is the highest common factor of u and 22?
11
Let l be 1*(-75)/(11/((-44)/6)). Let h be ((-20)/3)/((-2)/240). Calculate the highest common factor of l and h.
50
Let h = -246 - -264. Let m(j) = -2*j**2 + 36*j + 7. Let f be m(h). Let v(c) = -64*c - 1. Let b be v(-1). Calculate the greatest common factor of f and b.
7
Let m(b) = -b**3 + 9*b**2 - 10*b + 26. Let z be (-208)/(-24) - (1 - (-3)/(-9)). Let f be m(z). Calculate the greatest common divisor of f and 270.
10
Let g = 116 - 19. Suppose -8*l + 71 = -g. Let q be -2 - -191*(2 + -1). Calculate the highest common factor of l and q.
21
Suppose 4*o + 948 = 2*g - g, -o = -4*g + 3867. Suppose g*l + 78 = 974*l. Calculate the greatest common divisor of 325 and l.
13
Let k(t) = 27*t - 3327. Let v be k(140). What is the greatest common divisor of 1510 and v?
151
Let o be 42/(-147) - 4/(-14). Let w be -59 + o/5 + 3. Let z be (w/(-24))/((-1)/(-72)). What is the highest common divisor of z and 21?
21
Let u be 2405/(-35) + (-6)/21. Let q = u - -75. Suppose -3*p = -p + q, -4*z + 3*p + 361 = 0. Calculate the highest common divisor of 22 and z.
22
Let y(z) = -z**3 + 19*z**2 + 49*z - 36. Let u(o) = -o**3 - 5*o**2 - 16. Let w be u(-6). Let h be y(w). What is the greatest common divisor of h and 34?
34
Suppose -2*j + 3028 = 4*o, -8*o + 2*j = -5*o - 2264. What is the greatest common factor of o and 81?
27
Suppose 24*z - 23*z = 19. Suppose 18*g = z*g. Suppose -w + m + 38 = g, 3*m = w - 1 - 41. Calculate the highest common divisor of w and 48.
12
Suppose 3*b + 5*n + 0*n - 941 = 0, -5*n = 17*b - 5309. Calculate the highest common factor of 104 and b.
104
Suppose -38*a + 26*a + 336 = 0. Suppose -t - i + 117 = -194, -4*t = -i - 1229. What is the greatest common factor of a and t?
28
Suppose 18 = -23*d + 17*d. Let j be (2/6)/(d/(-81)). Let u(q) = -q + 25. Let b be u(-11). What is the highest common divisor of b and j?
9
Suppose -11*b = -8*b - 12. Let g(h) be the second derivative of h**3 - 8*h**2 - 10*h. Let z be g(b). Calculate the highest common divisor of z and 1.
1
Suppose -43*z